j(a) = -6*a**3 - 24*a**2 + 7*a + 12. What is the remainder when 1903 is divided by j(-5)?
125
Suppose 6*p - 8*p = 48. Let i = p + 32. Calculate the remainder when 27 is divided by i.
3
Calculate the remainder when 327 is divided by (-12)/(12/(-205))*(-1)/(-5).
40
Let q = 2378 + -2374. Calculate the remainder when 362 is divided by q.
2
Let a(q) = 85*q**2 - 15*q - 37. Calculate the remainder when a(-2) is divided by 28.
25
Let t = 17 + -9. What is the remainder when 31 is divided by (-5)/10 - (-92)/t?
9
Let r(s) = -s**3 + s**2 + 6*s - 3. Let i be r(3). Calculate the remainder when 75 is divided by (i/(-4) + (-164)/48)*-6.
11
Let k(s) = s**2 + 7. Let g(a) = -a**2 + 16*a + 25. What is the remainder when g(9) is divided by k(0)?
4
Suppose 5*x - 134 = 756. What is the remainder when x is divided by 36?
34
Let i = 37 - 7. Suppose 0 = 5*r - i - 10. Suppose -g - 4*n - r + 26 = 0, n - 8 = -2*g. Calculate the remainder when 5 is divided by g.
1
Suppose 0 = 13*n - 122 - 125. Suppose 104 = n*i - 15*i. Calculate the remainder when i is divided by 19.
7
Suppose 2*o + 2*m = -2*m, -5*o = -2*m + 24. Calculate the remainder when 103 is divided by (2 + -9)*(-6)/o*-2.
19
Let m = -242 + 256. Suppose 0 = -0*z + z - 8. What is the remainder when m is divided by z?
6
Let q be (2 - 3) + 0 - -53. Suppose -43 = -5*m + q. Suppose -2*x + 45 + 20 = f, 0 = -3*x - 5*f + 87. What is the remainder when x is divided by m?
15
Suppose 0 = 10*q - 9*q - 1. Let t(o) = 3*o - 1. Let g be t(1). Suppose -2*s + g = -2. What is the remainder when s is divided by q?
0
Let t(s) = s**3 + 7*s**2 - 20*s - 12. Suppose 0 = h, 34 = 4*x - 2*h - 6. What is the remainder when x is divided by t(-9)?
4
Suppose -653 = -9*k - 158. Calculate the remainder when 56 is divided by k.
1
Let c = -6 - -17. Suppose -j + 52 = 3*x, -7*j + 90 = 5*x - 6*j. Calculate the remainder when x is divided by c.
8
Let m(o) = -3*o**3 - o**2 + 5*o + 5. Let j be m(-2). Suppose -379 = -j*t + 926. Calculate the remainder when t is divided by 18.
15
Let x = -12 - -53. Let r = -16 - -19. Suppose -5*i + 22 = -r*i. What is the remainder when x is divided by i?
8
Let a = 51 - 25. Suppose 4*p - 10 - a = 0. Calculate the remainder when 19 - (4 + 0)/2 is divided by p.
8
Suppose -3*t - 9 = 0, 6*y = 3*y + 4*t + 135. Calculate the remainder when y is divided by 11.
8
Let l(c) = 12*c - 14. What is the remainder when l(6) is divided by (-759)/(-51) - (16/68)/(-2)?
13
What is the remainder when 122 is divided by ((-10)/3)/(1*1/(-33))?
12
Suppose -24 = -0*k - 6*k. Suppose k*j - 3*b = 51, b - 10 = 3*b. Calculate the remainder when j is divided by 4.
1
Suppose -5*c - 560 = -v, 5*v - 4*c + 2945 = 10*v. What is the remainder when v is divided by 49?
46
Let j(l) = -19*l - 3. Let k be j(3). Suppose 3*q - 29 = -4*z + 18, -4*z = -q - 43. Calculate the remainder when (9/3)/((-9)/k) is divided by z.
9
Let z(w) = w**3 - 6*w**2 + 9*w + 17. What is the remainder when z(7) is divided by 70?
59
Let c(o) = o**3 + 7*o**2 + 3*o - 16. What is the remainder when c(-5) is divided by 6?
1
Let k = -361 - -814. What is the remainder when k is divided by 24?
21
Suppose -g = -5*k - 59, 3*k + 0*g = -3*g - 39. Let u be ((-39)/k)/(1/8). Calculate the remainder when 54 is divided by u/2 + 2/2.
12
Let d(i) = i**3 - 25*i**2 + 26*i + 1. Let u be d(24). Suppose 4*f + 2*r = 5*f - u, 0 = -3*f + 4*r + 145. Calculate the remainder when f is divided by 10.
7
Let z(p) = -p + 20. Calculate the remainder when 53 is divided by z(18).
1
Suppose 164 = 3*x - 2*i, -3*x = x - 3*i - 217. Let p = x - 0. Calculate the remainder when p is divided by 12.
10
Let v(r) = r - 7. Let f be v(8). Let q(a) = 5*a**2. Let y be q(f). Suppose -36 = j - 4*j + 5*g, -3*g = 2*j - y. What is the remainder when 12 is divided by j?
5
Suppose -18*a + 562 = -194. Calculate the remainder when 122 is divided by a.
38
Let s be (0 + 2/(-5))*(-10)/4. What is the remainder when (56 - 5) + -2 + s is divided by 13?
11
Let q = 2154 + -2123. Calculate the remainder when 772 is divided by q.
28
Suppose -4*j + 387 = 2*t - 455, 4*j - 2*t - 846 = 0. Calculate the remainder when j is divided by 205.
6
Suppose 0 = -3*n - s + 105, -4*n + 22*s - 24*s + 138 = 0. Calculate the remainder when 718 is divided by n.
34
Suppose -7*n + 2*n + 80 = 0. Suppose 4*k - 4*s - 8 = n, 3*s + 14 = 2*k. Suppose -k*b + 31 = -1. Calculate the remainder when b is divided by 5.
3
Suppose 10*k - 15*k = -325. Let x = -30 - -74. Let z = x + -22. What is the remainder when k is divided by z?
21
Suppose -114 + 30 = -14*n. What is the remainder when 641 is divided by n?
5
Let u(s) = -s + 11. Let r be u(7). Suppose k - 181 = -5*w + 2*k, -r*w - 2*k + 156 = 0. Calculate the remainder when w is divided by -3*-20*(-1)/(-3).
17
Let a(s) = s**3 + 18*s**2 - 27*s - 36. Calculate the remainder when a(-17) is divided by 102.
100
Suppose -y + 25 = 21. Suppose 5*n = -4*t + 150, 2*t = -2*n + 7*n - 150. Calculate the remainder when 60 + y + -6 + -1 is divided by n.
27
Suppose 0 = -3*f + 4*f - 4*z + 35, -4*f - 35 = 5*z. Let a = f - -28. Suppose -4*u + a + 11 = 0. Calculate the remainder when 8 is divided by u.
2
Let o be (-263)/3 + (-10)/(-15). Let m = o - -103. Calculate the remainder when 45 is divided by m.
13
Suppose -4*c - 25 - 15 = 0. Let f = 11 - c. What is the remainder when 39 is divided by f?
18
Let r be 88/(-7) + 12/21. Let h = 21 - r. Calculate the remainder when 64 is divided by h.
31
Let q(d) = -144*d - 1. Let w(g) = 2*g**2 + 5*g + 18. What is the remainder when q(-1) is divided by w(0)?
17
Let h(k) = -k**2 + 16*k - 12. Let p be h(8). Suppose -o + p = 2*m, -10 = 4*m - 4*o - 138. Calculate the remainder when m is divided by 16.
12
Let u(x) = 2*x**2 + 10*x + 2. Let v be u(-7). What is the remainder when (v/(-25))/((-10)/1325) is divided by 40?
39
Suppose 0 = 5*q - 13*q - 1056. Calculate the remainder when 105 is divided by q/8*4*3/(-9).
17
Let f(t) = -t**3 + 6*t**2 + 7*t. Let a(y) = y - 4. Let r be a(8). What is the remainder when f(r) is divided by 16?
12
Suppose 3*i = -339 + 78. Let m = -58 - i. Suppose 349 = 3*q + 2*r, 310 = 3*q - 5*r - 4. Calculate the remainder when q is divided by m.
26
Suppose -2*a = -4 + 42. Let u = a - -33. Calculate the remainder when -11*(-4 + 1) + -8 is divided by u.
11
Suppose 0 = -g - 2*g. Suppose 0 = -16*c + 23 + 41. Calculate the remainder when 7 - g - (2 + -1) is divided by c.
2
Suppose -52 = a + 3*a. Let t = a - -16. Suppose 2*v - 2*b = 2*b + 34, t*v + b = 65. What is the remainder when 39 is divided by v?
18
What is the remainder when -3*(-3)/(7 - 25)*-398 is divided by 43?
27
Let i(u) = u**2 - 7*u. Let a be -9*(2/2)/(-1). Calculate the remainder when ((-24)/(-10))/((-3)/(-40)) is divided by i(a).
14
What is the remainder when (-2)/(-5) - (-27104)/140 is divided by 39?
38
Let y = 133 - 65. Let l be (-2)/(-8) - (-63)/36. Suppose -26 + y = 4*u - l*z, 0 = -z - 5. Calculate the remainder when 22 is divided by u.
6
Suppose 158 = 4*d - 82. Suppose -3*t + 2*t = 3*s - d, -2*s - 202 = -3*t. Let y = -7 + t. What is the remainder when y is divided by 10?
9
Let t = -8 + 12. Suppose -t*x - 110 = -362. Let s(o) = -5*o**2 - 51*o - 32. What is the remainder when x is divided by s(-9)?
19
Let n = -147 - -266. Suppose 0 = -3*j + 13 + n. Calculate the remainder when 261 is divided by j.
41
Let o(w) = 137*w**3 - 2*w**2 + 2*w - 1. Let y be o(1). Let k = 398 - 375. Calculate the remainder when (2/4)/(1/y) is divided by k.
22
Let t = 7 + -10. Calculate the remainder when ((-5)/(-2) + -2)/(2/148) is divided by 3/((-2)/20*t).
7
Let r(q) = -3*q + 16. Let w(a) = 1 - 1 + 2*a**2 - 3 + 10*a + 0*a**2. Calculate the remainder when w(-8) is divided by r(0).
13
Suppose -2*t - 156 = -2*z, 0*z - 3*z - 3*t = -222. Suppose -8*b + z = -52. What is the remainder when 30 is divided by b?
14
Let t = -1387 + 1668. What is the remainder when t is divided by 23?
5
What is the remainder when (-760)/(-55) - ((-16)/22)/4 is divided by 1?
0
Let c be 2*(0 + -2 + -8). Let g = c - -38. What is the remainder when 70 is divided by g?
16
Suppose 5*z + 4*n = 5477, 5*z - 3*n - 2868 = 2623. What is the remainder when z is divided by 25?
22
Suppose -4*z + 4 = a + 11, -2*z = 4. Suppose -m + 5 = -a. What is the remainder when (-42)/m*1/(-1) is divided by 5?
2
Let w(d) = -d**2 - 20*d - 1.